{"id":91,"date":"2018-02-19T16:48:32","date_gmt":"2018-02-19T15:48:32","guid":{"rendered":"http:\/\/www.feuerwehr-riedrode.de\/wordpress\/?page_id=91"},"modified":"2026-03-15T21:47:18","modified_gmt":"2026-03-15T20:47:18","slug":"startseite-2","status":"publish","type":"page","link":"https:\/\/www.feuerwehr-riedrode.de\/wordpress\/","title":{"rendered":"Startseite"},"content":{"rendered":"<div class=\"vce-row-container\" data-vce-boxed-width=\"true\"><div class=\"vce-row vce-row--col-gap-30 vce-row-equal-height vce-row-content--top\" id=\"el-aff06f15\" data-vce-do-apply=\"all el-aff06f15\"><div class=\"vce-row-content\" data-vce-element-content=\"true\"><div class=\"vce-col vce-col--md-auto vce-col--xs-1 vce-col--xs-last vce-col--xs-first vce-col--sm-last vce-col--sm-first vce-col--md-last vce-col--lg-last vce-col--xl-last vce-col--md-first vce-col--lg-first vce-col--xl-first\" id=\"el-409bc2cc\"><div class=\"vce-col-inner\" data-vce-do-apply=\"border margin background  el-409bc2cc\"><div class=\"vce-col-content\" data-vce-element-content=\"true\" data-vce-do-apply=\"padding el-409bc2cc\"><div class=\"vce-text-block\"><div class=\"vce-text-block-wrapper vce\" id=\"el-46a1ca15\" data-vce-do-apply=\"all el-46a1ca15\"><p>Die Freiwillige Feuerwehr Riedrode wurde im Jahr 1952 gegr\u00fcndet und hat sich seitdem st\u00e4ndig den immer intensiver werdenden Anforderungen angepasst. Ein zeitgem\u00e4\u00dfes Feuerwehrger\u00e4tehaus sowie drei Einsatzfahrzeuge stehen sowohl der Einsatzabteilung als auch der Jugendfeuerwehr f\u00fcr deren Ausbildung und Eins\u00e4tze zur Verf\u00fcgung.<\/p><p><strong>Stellen Sie sich vor, es brennt bei Ihnen ... und niemand kommt zu Hilfe! <a href=\"https:\/\/www.feuerwehr-riedrode.de\/wordpress\/wp-content\/uploads\/2025\/03\/Flyer_FeuerwehrRiedrode_2022_V3.pdf\" target=\"_blank\" rel=\"noopener\">Jetzt Mitmachen!<\/a><\/strong><\/p><p>\n<!-- NOTE: If you need to make changes to this file, copy it to your current theme's main\n\tdirectory so your changes won't be overwritten when the plugin is upgraded. -->\n\n<!-- Post Wrap Start-->\n<div class=\"post hentry ivycat-post\">\n\n\t<!-- \tThis outputs the post TITLE -->\n\t<h2 class=\"entry-title\"><a href=\"https:\/\/www.feuerwehr-riedrode.de\/wordpress\/2026\/02\/08\/save-the-date-tag-der-offenen-tuer-am-pfingstsonntag-24-05-2026\/\">Save the Date -> Tag der offenen T\u00fcr am Pfingstsonntag, 24.05.2026<\/a><\/h2>\n\n\t<!-- \tThis outputs the post EXCERPT.  To display full content including images and html,\n\t\treplace the_excerpt(); with the_content();  below. -->\n\t<div class=\"entry-summary\">\n\t\t<p>Am Pfingstsonntag, dem 24. Mai ist es wieder so weit: von 10:00 bis 18:00 Uhr findet unser traditioneller Tag der offenen T\u00fcr statt. \u00dcber die Details werden wir rechtzeitig informieren. F\u00fcr unsere jungen Besucher werden wir Mal- und Spielstationen vorbereiten sowie Rundfahrten im Feuerwehrauto anbieten. Neben der Fahrzeugausstellung wird es auch musikalische Unterhaltung durch den &#8230; <a title=\"Save the Date -&gt; Tag der offenen T\u00fcr am Pfingstsonntag, 24.05.2026\" class=\"read-more\" href=\"https:\/\/www.feuerwehr-riedrode.de\/wordpress\/2026\/02\/08\/save-the-date-tag-der-offenen-tuer-am-pfingstsonntag-24-05-2026\/\" aria-label=\"Mehr Informationen \u00fcber Save the Date -&gt; Tag der offenen T\u00fcr am Pfingstsonntag, 24.05.2026\">Weiterlesen<\/a><\/p>\n\t<\/div>\n\n\t<!--\tThis outputs the post META information -->\n\t<div class=\"entry-utility\">\n\t\t\t\t\t<span class=\"cat-links\">\n\t\t\t\t<span class=\"entry-utility-prep entry-utility-prep-cat-links\">Posted in<\/span> <a href=\"https:\/\/www.feuerwehr-riedrode.de\/wordpress\/category\/allgemein\/\" rel=\"category tag\">Allgemein<\/a>, <a href=\"https:\/\/www.feuerwehr-riedrode.de\/wordpress\/category\/informationen\/\" rel=\"category tag\">Informationen<\/a>\t\t\t<\/span>\n\t\t\t<span class=\"meta-sep\">|<\/span>\n\t\t\t\t\t\t<span class=\"comments-link\">\n\t\t\t<span>Kommentare deaktiviert<span class=\"screen-reader-text\"> f\u00fcr Save the Date -> Tag der offenen T\u00fcr am Pfingstsonntag, 24.05.2026<\/span><\/span>\t\t<\/span>\n\t\t\t<\/div>\n<\/div>\n<!-- \/\/ Post Wrap End -->\n<\/p><p><a href=\"https:\/\/www.feuerwehr-riedrode.de\/wordpress\/beitraege\/75jahrefeuerwehrriedrode\/\"><img loading=\"lazy\" decoding=\"async\" class=\"alignnone wp-image-1303 size-full\" src=\"https:\/\/www.feuerwehr-riedrode.de\/wordpress\/wp-content\/uploads\/2026\/03\/75-Jahre-FF-Riedrode-loading-klein-1.jpg\" alt=\"\" width=\"720\" height=\"480\" srcset=\"https:\/\/www.feuerwehr-riedrode.de\/wordpress\/wp-content\/uploads\/2026\/03\/75-Jahre-FF-Riedrode-loading-klein-1.jpg 720w, https:\/\/www.feuerwehr-riedrode.de\/wordpress\/wp-content\/uploads\/2026\/03\/75-Jahre-FF-Riedrode-loading-klein-1-300x200.jpg 300w, https:\/\/www.feuerwehr-riedrode.de\/wordpress\/wp-content\/uploads\/2026\/03\/75-Jahre-FF-Riedrode-loading-klein-1-320x213.jpg 320w, https:\/\/www.feuerwehr-riedrode.de\/wordpress\/wp-content\/uploads\/2026\/03\/75-Jahre-FF-Riedrode-loading-klein-1-480x320.jpg 480w\" sizes=\"auto, (max-width: 720px) 100vw, 720px\" \/><\/a><\/p><\/div><\/div><\/div><\/div><\/div><\/div><\/div><\/div>\n","protected":false},"excerpt":{"rendered":"<p>Die Freiwillige Feuerwehr Riedrode wurde im Jahr 1952 gegr\u00fcndet und hat sich seitdem st\u00e4ndig den immer intensiver werdenden Anforderungen angepasst. Ein zeitgem\u00e4\u00dfes Feuerwehrger\u00e4tehaus sowie drei Einsatzfahrzeuge stehen sowohl der Einsatzabteilung als auch der Jugendfeuerwehr f\u00fcr deren Ausbildung und Eins\u00e4tze zur Verf\u00fcgung.Stellen Sie sich vor, es brennt bei Ihnen &#8230; und niemand kommt zu Hilfe! Jetzt &#8230; <a title=\"Save the Date -&gt; Tag der offenen T\u00fcr am Pfingstsonntag, 24.05.2026\" class=\"read-more\" href=\"https:\/\/www.feuerwehr-riedrode.de\/wordpress\/2026\/02\/08\/save-the-date-tag-der-offenen-tuer-am-pfingstsonntag-24-05-2026\/\" aria-label=\"Mehr Informationen \u00fcber Save the Date -&gt; Tag der offenen T\u00fcr am Pfingstsonntag, 24.05.2026\">Weiterlesen<\/a><\/p>\n","protected":false},"author":6,"featured_media":100,"parent":0,"menu_order":0,"comment_status":"closed","ping_status":"closed","template":"","meta":{"footnotes":""},"class_list":["post-91","page","type-page","status-publish","has-post-thumbnail","hentry"],"_links":{"self":[{"href":"https:\/\/www.feuerwehr-riedrode.de\/wordpress\/wp-json\/wp\/v2\/pages\/91","targetHints":{"allow":["GET"]}}],"collection":[{"href":"https:\/\/www.feuerwehr-riedrode.de\/wordpress\/wp-json\/wp\/v2\/pages"}],"about":[{"href":"https:\/\/www.feuerwehr-riedrode.de\/wordpress\/wp-json\/wp\/v2\/types\/page"}],"author":[{"embeddable":true,"href":"https:\/\/www.feuerwehr-riedrode.de\/wordpress\/wp-json\/wp\/v2\/users\/6"}],"replies":[{"embeddable":true,"href":"https:\/\/www.feuerwehr-riedrode.de\/wordpress\/wp-json\/wp\/v2\/comments?post=91"}],"version-history":[{"count":33,"href":"https:\/\/www.feuerwehr-riedrode.de\/wordpress\/wp-json\/wp\/v2\/pages\/91\/revisions"}],"predecessor-version":[{"id":1305,"href":"https:\/\/www.feuerwehr-riedrode.de\/wordpress\/wp-json\/wp\/v2\/pages\/91\/revisions\/1305"}],"wp:featuredmedia":[{"embeddable":true,"href":"https:\/\/www.feuerwehr-riedrode.de\/wordpress\/wp-json\/wp\/v2\/media\/100"}],"wp:attachment":[{"href":"https:\/\/www.feuerwehr-riedrode.de\/wordpress\/wp-json\/wp\/v2\/media?parent=91"}],"curies":[{"name":"wp","href":"https:\/\/api.w.org\/{rel}","templated":true}]}}