{"id":161,"date":"2018-02-20T11:12:18","date_gmt":"2018-02-20T10:12:18","guid":{"rendered":"http:\/\/www.feuerwehr-riedrode.de\/wordpress\/?page_id=161"},"modified":"2025-03-09T20:49:24","modified_gmt":"2025-03-09T19:49:24","slug":"jugendfeuerwehr","status":"publish","type":"page","link":"https:\/\/www.feuerwehr-riedrode.de\/wordpress\/unsere-abteilungen\/jugendfeuerwehr\/","title":{"rendered":"Jugendfeuerwehr"},"content":{"rendered":"\n<div class=\"vce-row-container\">\n<div id=\"el-10e951f8\" class=\"vce-row vce-row--col-gap-30 vce-row-columns--top vce-row-content--top\" data-vce-do-apply=\"all el-10e951f8\">\n<div class=\"vce-row-content\" data-vce-element-content=\"true\">\n<div id=\"el-5fdbe965\" class=\"vce-col vce-col--md-100p vce-col--xs-1 vce-col--xs-last vce-col--xs-first vce-col--sm-last vce-col--sm-first vce-col--md-last vce-col--lg-last vce-col--xl-last vce-col--md-first vce-col--lg-first vce-col--xl-first\" data-vce-do-apply=\"background border el-5fdbe965\">\n<div class=\"vce-col-inner\" data-vce-element-content=\"true\" data-vce-do-apply=\"padding margin el-5fdbe965\">\n<div class=\"vce-text-block\">\n<div id=\"el-fc358030\" class=\"vce-text-block-wrapper vce\" data-vce-do-apply=\"all el-fc358030\">\n\n<img loading=\"lazy\" decoding=\"async\" class=\"alignnone wp-image-1118 size-large\" src=\"https:\/\/www.feuerwehr-riedrode.de\/wordpress\/wp-content\/uploads\/2025\/03\/JF_2025-1024x768.jpg\" alt=\"\" width=\"1024\" height=\"768\" srcset=\"https:\/\/www.feuerwehr-riedrode.de\/wordpress\/wp-content\/uploads\/2025\/03\/JF_2025-1024x768.jpg 1024w, https:\/\/www.feuerwehr-riedrode.de\/wordpress\/wp-content\/uploads\/2025\/03\/JF_2025-300x225.jpg 300w, https:\/\/www.feuerwehr-riedrode.de\/wordpress\/wp-content\/uploads\/2025\/03\/JF_2025-768x576.jpg 768w, https:\/\/www.feuerwehr-riedrode.de\/wordpress\/wp-content\/uploads\/2025\/03\/JF_2025-1536x1152.jpg 1536w, https:\/\/www.feuerwehr-riedrode.de\/wordpress\/wp-content\/uploads\/2025\/03\/JF_2025-320x240.jpg 320w, https:\/\/www.feuerwehr-riedrode.de\/wordpress\/wp-content\/uploads\/2025\/03\/JF_2025-480x360.jpg 480w, https:\/\/www.feuerwehr-riedrode.de\/wordpress\/wp-content\/uploads\/2025\/03\/JF_2025-800x600.jpg 800w, https:\/\/www.feuerwehr-riedrode.de\/wordpress\/wp-content\/uploads\/2025\/03\/JF_2025.jpg 2048w\" sizes=\"auto, (max-width: 1024px) 100vw, 1024px\" \/>\n\nIn der Jugendstunde, die immer Mittwochs um 18:45 Uhr stattfindet, wird ein sehr abwechslungsreiches Programm geboten. Von feuerwehrtechnischer Ausbildung \u00fcber Spiel, Spa\u00df und Sport ist f\u00fcr jeden Jugendlichen etwas geboten.\n\nDie Jugendfeuerwehr nimmt jedes Jahr an zahlreichen Aktivit\u00e4ten teil, bei denen die Jugendlichen unter Jugendwart Benjamin Eichhorn sowie seinem Stellvertreter Markus Gerhard ihr K\u00f6nnen und ihre Geschicklichkeit unter Beweis stellen k\u00f6nnen und bei denen selbstverst\u00e4ndlich auch der Spass niemals zu kurz kommt.\n\nW\u00e4hrend eines Jahres werden, neben der w\u00f6chentlichen Jugendstunde, an vielen weiteren Aktionen, wie z.B. dem Kreiszeltlager, dem Aktionstag und der Delegiertenversammlung der Kreisjugendfeuerwehr oder aber der Winterwanderung und der Bezirksolympiade des LBZ 4 teilgenommen.\n\nAn der j\u00e4hrlich stattfindenen Jahreshauptversammlung werden die Berichte vorgestellt, so wie unter anderem der Jugendausschuss gew\u00e4hlt.\n\nMomentan setzt sich der Jugendfeuerwehrausschuss wie folgt zusammen:\n\n\n<table id=\"tablepress-11\" class=\"tablepress tablepress-id-11\">\n<tbody class=\"row-striping row-hover\">\n<tr class=\"row-1\">\n\t<td class=\"column-1\">Jugendfeuerwehrwart<\/td><td class=\"column-2\">Benjamin Eichhorn<\/td>\n<\/tr>\n<tr class=\"row-2\">\n\t<td class=\"column-1\">Stellv. Jugendfeuerwehrwart<\/td><td class=\"column-2\">Markus Gerhard<\/td>\n<\/tr>\n<tr class=\"row-3\">\n\t<td class=\"column-1\">Jugendsprecherin<\/td><td class=\"column-2\">Marit Rennert<\/td>\n<\/tr>\n<tr class=\"row-4\">\n\t<td class=\"column-1\">Schriftf\u00fchrer<\/td><td class=\"column-2\">Patrick Schulze<\/td>\n<\/tr>\n<tr class=\"row-5\">\n\t<td class=\"column-1\">Beisitzerin<\/td><td class=\"column-2\">Romy Gerhard<\/td>\n<\/tr>\n<tr class=\"row-6\">\n\t<td class=\"column-1\">Beisitzer<\/td><td class=\"column-2\">Luis Sierig<\/td>\n<\/tr>\n<\/tbody>\n<\/table>\n<!-- #tablepress-11 from cache -->\n\n<\/div>\n<\/div>\n<\/div>\n<\/div>\n<\/div>\n<\/div>\n<\/div>\n\n","protected":false},"excerpt":{"rendered":"<p>In der Jugendstunde, die immer Mittwochs um 18:45 Uhr stattfindet, wird ein sehr abwechslungsreiches Programm geboten. Von feuerwehrtechnischer Ausbildung \u00fcber Spiel, Spa\u00df und Sport ist f\u00fcr jeden Jugendlichen etwas geboten. Die Jugendfeuerwehr nimmt jedes Jahr an zahlreichen Aktivit\u00e4ten teil, bei denen die Jugendlichen unter Jugendwart Benjamin Eichhorn sowie seinem Stellvertreter Markus Gerhard ihr K\u00f6nnen und &#8230; <a title=\"Jugendfeuerwehr\" class=\"read-more\" href=\"https:\/\/www.feuerwehr-riedrode.de\/wordpress\/unsere-abteilungen\/jugendfeuerwehr\/\" aria-label=\"Mehr Informationen \u00fcber Jugendfeuerwehr\">Weiterlesen<\/a><\/p>\n","protected":false},"author":6,"featured_media":0,"parent":93,"menu_order":0,"comment_status":"closed","ping_status":"closed","template":"","meta":{"footnotes":""},"class_list":["post-161","page","type-page","status-publish"],"_links":{"self":[{"href":"https:\/\/www.feuerwehr-riedrode.de\/wordpress\/wp-json\/wp\/v2\/pages\/161","targetHints":{"allow":["GET"]}}],"collection":[{"href":"https:\/\/www.feuerwehr-riedrode.de\/wordpress\/wp-json\/wp\/v2\/pages"}],"about":[{"href":"https:\/\/www.feuerwehr-riedrode.de\/wordpress\/wp-json\/wp\/v2\/types\/page"}],"author":[{"embeddable":true,"href":"https:\/\/www.feuerwehr-riedrode.de\/wordpress\/wp-json\/wp\/v2\/users\/6"}],"replies":[{"embeddable":true,"href":"https:\/\/www.feuerwehr-riedrode.de\/wordpress\/wp-json\/wp\/v2\/comments?post=161"}],"version-history":[{"count":8,"href":"https:\/\/www.feuerwehr-riedrode.de\/wordpress\/wp-json\/wp\/v2\/pages\/161\/revisions"}],"predecessor-version":[{"id":1121,"href":"https:\/\/www.feuerwehr-riedrode.de\/wordpress\/wp-json\/wp\/v2\/pages\/161\/revisions\/1121"}],"up":[{"embeddable":true,"href":"https:\/\/www.feuerwehr-riedrode.de\/wordpress\/wp-json\/wp\/v2\/pages\/93"}],"wp:attachment":[{"href":"https:\/\/www.feuerwehr-riedrode.de\/wordpress\/wp-json\/wp\/v2\/media?parent=161"}],"curies":[{"name":"wp","href":"https:\/\/api.w.org\/{rel}","templated":true}]}}