{"id":159,"date":"2018-02-20T11:11:53","date_gmt":"2018-02-20T10:11:53","guid":{"rendered":"http:\/\/www.feuerwehr-riedrode.de\/wordpress\/?page_id=159"},"modified":"2018-02-21T11:31:31","modified_gmt":"2018-02-21T10:31:31","slug":"alters-und-ehrenabteilung","status":"publish","type":"page","link":"https:\/\/www.feuerwehr-riedrode.de\/wordpress\/unsere-abteilungen\/alters-und-ehrenabteilung\/","title":{"rendered":"Alters- und Ehrenabteilung"},"content":{"rendered":"<p>Die <strong>Alters- und Ehrenabteilung<\/strong> trifft sich regelm\u00e4\u00dfig Montags ab 19:45 Uhr zu den \u00dcbungszeiten der Einsatzabteilung.<\/p>\n<p>Mit Vollendung des 65. Lebensjahres endet die aktive Dienstzeit in der Freiwilligen Feuerwehr. Kameraden, die aus Altersgr\u00fcnden oder aufgrund gesundheitlicher Einschr\u00e4nkungen aus dem Einsatzdienst ausscheiden, werden in die Alters- und Ehrenabteilung \u00fcbernommen.<\/p>\n<p>Auch in der &#8222;passiven Dienstzeit&#8220; halten die Mitglieder der Alters- und Ehrenabteilung einen engen Kontakt zur Feuerwehr. Sie pflegen die Kameradschaft und nehmen an vielz\u00e4hligen Veranstaltungen teil. Die Alterskameraden unserer Feuerwehr unterst\u00fctzen in vorbildlicher Weise die Arbeit der aktiven Mitglieder.<\/p>\n","protected":false},"excerpt":{"rendered":"<p>Die Alters- und Ehrenabteilung trifft sich regelm\u00e4\u00dfig Montags ab 19:45 Uhr zu den \u00dcbungszeiten der Einsatzabteilung. Mit Vollendung des 65. Lebensjahres endet die aktive Dienstzeit in der Freiwilligen Feuerwehr. Kameraden, die aus Altersgr\u00fcnden oder aufgrund gesundheitlicher Einschr\u00e4nkungen aus dem Einsatzdienst ausscheiden, werden in die Alters- und Ehrenabteilung \u00fcbernommen. Auch in der &#8222;passiven Dienstzeit&#8220; halten die &#8230; <a title=\"Alters- und Ehrenabteilung\" class=\"read-more\" href=\"https:\/\/www.feuerwehr-riedrode.de\/wordpress\/unsere-abteilungen\/alters-und-ehrenabteilung\/\" aria-label=\"Mehr Informationen \u00fcber Alters- und Ehrenabteilung\">Weiterlesen<\/a><\/p>\n","protected":false},"author":6,"featured_media":217,"parent":93,"menu_order":0,"comment_status":"closed","ping_status":"closed","template":"","meta":{"footnotes":""},"class_list":["post-159","page","type-page","status-publish","has-post-thumbnail"],"_links":{"self":[{"href":"https:\/\/www.feuerwehr-riedrode.de\/wordpress\/wp-json\/wp\/v2\/pages\/159","targetHints":{"allow":["GET"]}}],"collection":[{"href":"https:\/\/www.feuerwehr-riedrode.de\/wordpress\/wp-json\/wp\/v2\/pages"}],"about":[{"href":"https:\/\/www.feuerwehr-riedrode.de\/wordpress\/wp-json\/wp\/v2\/types\/page"}],"author":[{"embeddable":true,"href":"https:\/\/www.feuerwehr-riedrode.de\/wordpress\/wp-json\/wp\/v2\/users\/6"}],"replies":[{"embeddable":true,"href":"https:\/\/www.feuerwehr-riedrode.de\/wordpress\/wp-json\/wp\/v2\/comments?post=159"}],"version-history":[{"count":3,"href":"https:\/\/www.feuerwehr-riedrode.de\/wordpress\/wp-json\/wp\/v2\/pages\/159\/revisions"}],"predecessor-version":[{"id":218,"href":"https:\/\/www.feuerwehr-riedrode.de\/wordpress\/wp-json\/wp\/v2\/pages\/159\/revisions\/218"}],"up":[{"embeddable":true,"href":"https:\/\/www.feuerwehr-riedrode.de\/wordpress\/wp-json\/wp\/v2\/pages\/93"}],"wp:featuredmedia":[{"embeddable":true,"href":"https:\/\/www.feuerwehr-riedrode.de\/wordpress\/wp-json\/wp\/v2\/media\/217"}],"wp:attachment":[{"href":"https:\/\/www.feuerwehr-riedrode.de\/wordpress\/wp-json\/wp\/v2\/media?parent=159"}],"curies":[{"name":"wp","href":"https:\/\/api.w.org\/{rel}","templated":true}]}}

<p>Die <strong>Alters- und Ehrenabteilung</strong> trifft sich regelmäßig Montags ab 19:45 Uhr zu den Übungszeiten der Einsatzabteilung.</p>
<p>Mit Vollendung des 65. Lebensjahres endet die aktive Dienstzeit in der Freiwilligen Feuerwehr. Kameraden, die aus Altersgründen oder aufgrund gesundheitlicher Einschränkungen aus dem Einsatzdienst ausscheiden, werden in die Alters- und Ehrenabteilung übernommen.</p>
<p>Auch in der &#8222;passiven Dienstzeit&#8220; halten die Mitglieder der Alters- und Ehrenabteilung einen engen Kontakt zur Feuerwehr. Sie pflegen die Kameradschaft und nehmen an vielzähligen Veranstaltungen teil. Die Alterskameraden unserer Feuerwehr unterstützen in vorbildlicher Weise die Arbeit der aktiven Mitglieder.</p>

<p>Die Alters- und Ehrenabteilung trifft sich regelmäßig Montags ab 19:45 Uhr zu den Übungszeiten der Einsatzabteilung. Mit Vollendung des 65. Lebensjahres endet die aktive Dienstzeit in der Freiwilligen Feuerwehr. Kameraden, die aus Altersgründen oder aufgrund gesundheitlicher Einschränkungen aus dem Einsatzdienst ausscheiden, werden in die Alters- und Ehrenabteilung übernommen. Auch in der &#8222;passiven Dienstzeit&#8220; halten die &#8230; <a title="Alters- und Ehrenabteilung" class="read-more" href="https://www.feuerwehr-riedrode.de/wordpress/unsere-abteilungen/alters-und-ehrenabteilung/" aria-label="Mehr Informationen über Alters- und Ehrenabteilung">Weiterlesen</a></p>
